uppose x = 6*u - 84 - 18. Calculate the greatest common factor of u and n.
17
Let y = 9 - -15. Suppose 2*m - 92 = 5*s, -2*m + 43 + 17 = 3*s. What is the highest common factor of m and y?
12
Suppose 5*r - 8 = 3*r. Let x(q) = -6 + 8*q + 2*q + 3*q + q. Let m be x(r). Calculate the highest common factor of 75 and m.
25
Suppose 0 = -4*o - 0*o + 12. Suppose 3*z + 748 = 5*i, 3*i - o*z - 2*z = 436. What is the highest common factor of 19 and i?
19
Suppose 158 - 170 = -2*t. Let n be 1*(-2)/((-8)/36). Calculate the highest common factor of n and t.
3
Let w(b) = b**3 + 3*b**2 - 4*b + 4. Let s be w(-4). Suppose s + 6 = 2*o. What is the greatest common factor of 3 and o?
1
Suppose 4*i = 3*j - 22, 7*j - 18 = 4*j + 3*i. Suppose -j*m - 2*m = 0. Let w be (0 - m) + (4 - -126). Calculate the highest common factor of w and 13.
13
Suppose 0 = 5*h + 2*u - 99 + 51, 0 = 5*h - 2*u - 52. Suppose -2*z - 13 = -53. Calculate the greatest common factor of h and z.
10
Let b be 873/45 - 15/(-25). What is the highest common divisor of 230 and b?
10
Suppose 5 = -4*b - b. Let y be (7/(-1))/(b/(-4)*-2). What is the highest common factor of 154 and y?
14
Suppose -6*d - 438 = -1866. Calculate the greatest common divisor of d and 140.
14
Let j(c) = -c**2 - 8*c + 11. Let u be j(-9). Suppose u*t = 3*t + 7. Let m be 64 + 1 + (-6 - t). Calculate the greatest common divisor of m and 6.
6
Let r = -10 + 14. Suppose -w + 2298 = 5*n, -2*n - r*w + 452 = -n. Let z = n + -320. Calculate the greatest common divisor of z and 20.
20
Let c = -10 + 13. Suppose -c*n - 4*k = -609, -2*n + 6*n - 834 = 2*k. What is the greatest common factor of n and 23?
23
Suppose g = 2*g + g. Suppose -6*a + 54 + 36 = g. Calculate the highest common factor of a and 9.
3
Let y be 466/26 + 106/1378. Calculate the highest common factor of 78 and y.
6
Suppose 4*w + 2*k - 8 - 134 = 0, -3*k = 15. Calculate the greatest common factor of w and 114.
38
Let h(k) = -k**3 - 7*k**2 + 7*k + 6. Let j be h(-6). Let x = -6 - j. Let q = 22 - 16. Calculate the greatest common divisor of x and q.
6
Let d(m) = -6*m + 270. Let q be d(43). Calculate the highest common divisor of q and 183.
3
Let n = 162 - 151. What is the highest common factor of 8 and n?
1
Let n = 9 - 1. Suppose -d - d = -8. Suppose 0 = d*b - 3*b - 56. Calculate the greatest common divisor of n and b.
8
Let h = 11 - 6. Suppose 82 + 543 = h*n. What is the greatest common factor of n and 50?
25
Let p(i) = -2*i - 35. Let y be p(-16). Let v be (-44 - -6)*(y - -2). Calculate the highest common divisor of v and 304.
38
Suppose 34*q - 40*q = -132. Calculate the greatest common factor of q and 22.
22
Suppose 3*x - 26 = 178. What is the greatest common divisor of x and 748?
68
Let m(s) = -31*s**3 + 13*s**2 + 14*s + 2. Let k be m(-1). Calculate the greatest common factor of 16 and k.
16
Let b = 28 - -1. Suppose t = b - 9. Suppose 0 = 3*f - t + 2. Calculate the greatest common factor of f and 24.
6
Suppose -17*u + 1760 = -7*u. Calculate the greatest common divisor of 11 and u.
11
Let n be 2/24*172*21*7. Calculate the highest common divisor of n and 49.
49
Let p(s) = -2*s**2 + 7*s - 9. Let v be p(5). Let r be ((-1)/(-2))/((-4)/v). Suppose 31 - 13 = r*f. Calculate the highest common factor of f and 42.
6
Let a(o) = o**2 - 20*o - 70. Let f be a(24). Calculate the greatest common divisor of 117 and f.
13
Let u be (6/15)/((-1)/(-10)). Let b be 4 + 2/2 + u. What is the greatest common divisor of 36 and b?
9
Let o be 134/8 - 0 - 141/188. What is the highest common divisor of o and 48?
16
Let i(p) be the second derivative of -13*p**5/20 - p**3/2 + p**2 + p. Let z be i(-2). Calculate the greatest common factor of 14 and z.
14
Let p be (-3351)/(-9) + 10/(-30). What is the greatest common factor of 60 and p?
12
Let x = 275 + -191. What is the highest common divisor of x and 48?
12
Let r = -8 - -10. Suppose -5*k + 11 = 3*f, 2*f - 2*k = 4 - 2. Suppose 44 = f*l + r. What is the greatest common factor of l and 21?
21
Let t be (-12 - -6)*1*(-8)/(-3). Let f be (-5886)/t + 5/40. Calculate the highest common factor of f and 46.
46
Suppose -37*q + 239 = -1796. Calculate the greatest common factor of q and 275.
55
Suppose -4*o + 18 = -t + 4*t, -t = -4*o + 10. Suppose -2*i + 5*i - 12 = 0. What is the greatest common factor of i and t?
2
Suppose -4824 - 2536 = -5*q. Calculate the highest common divisor of q and 46.
46
Suppose -c + 4*c = 0. Suppose -3*j = -h - c*j + 68, 4*j + 304 = 4*h. What is the greatest common divisor of h and 10?
10
Let d be (4/(-3))/((-2)/30). Suppose -108 + 60 = -12*l. Calculate the highest common divisor of l and d.
4
Let a(m) be the first derivative of -m**4/4 + 10*m**3/3 + m**2/2 - m - 16. Let b be a(10). What is the highest common factor of 3 and b?
3
Let d be 12/(0 + (-3)/(-3)). Let m(a) = 2*a - 12. Let x be m(d). What is the highest common divisor of x and 48?
12
Let x(g) = g + 6. Let t be x(0). Let m(k) = 6*k**2 - k - 6*k - k**3 + 2*k + 1 + 6*k. Let b be m(t). Calculate the greatest common factor of b and 35.
7
Let g be 42/(0/4 + 2). Suppose -4*z + 51 = -g. Let k = z - 12. What is the highest common factor of 4 and k?
2
Let f(d) = -d**2 - 6*d + 25. Let x be f(-7). What is the highest common divisor of x and 63?
9
Let x(h) = h - 5. Let q be x(5). Suppose b - 16 - 128 = q. Calculate the highest common divisor of 18 and b.
18
Let z(s) = s**3 + 14*s**2 + 7*s - 29. Let h be z(-13). Suppose -g - 5*x = -19, x + h = 5*g + 6. What is the highest common factor of 3 and g?
3
Suppose 500 = 11*l - 556. What is the highest common divisor of l and 64?
32
Suppose 5*q - 179*b - 3332 = -180*b, q + 2*b = 670. What is the greatest common divisor of q and 18?
18
Let l = -160 - -194. Suppose -16*k + l = -15*k. Calculate the highest common divisor of k and 34.
34
Suppose 207*u = 205*u + 52. What is the highest common divisor of u and 234?
26
Suppose -4*d = -7*d, -3*c + 297 = -2*d. Calculate the greatest common factor of 396 and c.
99
Let q(h) = -h**2 + 14*h - 17. Let m be q(12). Let p = m - 1. What is the highest common divisor of p and 66?
6
Let u be (-44*5/10)/(7/(-231)). Calculate the greatest common factor of u and 66.
66
Let a(k) = 22*k - 70. Let f be a(15). What is the highest common factor of f and 104?
52
Let t be 1551/99*(1 + 2). What is the greatest common factor of t and 47?
47
Suppose -571*k + 543*k = -308. Let l = 0 - -11. What is the greatest common divisor of l and k?
11
Let p(i) = i**3 + 9*i**2 + 7*i - 8. Let k = -22 + 15. Let u be p(k). What is the highest common factor of u and 164?
41
Let i be 14/(-49) + (-60)/(-14). Let m be (i*12/15)/((-6)/(-75)). Let y(a) = 5*a**2 + a - 1. Let j be y(1). What is the highest common factor of m and j?
5
Let s(x) = 5*x**2. Let f be s(-4). Suppose 74*a = 73*a - 382. Let z be 9/54 + a/(-12). Calculate the highest common factor of z and f.
16
Let j(x) = 5*x**2 - 41*x + 132. Let d be j(3). Calculate the greatest common factor of d and 42.
6
Let z be (-2)/(-5) - (-52)/20. Let q = -113 + 115. Suppose z*b + q*b - 15 = 0. Calculate the highest common factor of b and 24.
3
Suppose -5*f + 4 + 6 = 0. Suppose f*a - 58 = 52. Let m be 2 - -6 - (1 - -2). What is the greatest common divisor of a and m?
5
Let s be -1*9*36*15/(-20). Calculate the greatest common divisor of s and 405.
81
Suppose -g - 4 = 5*m - 6*m, 0 = 4*g + 4*m. Let q be (-2)/(-4) + (-1)/g. Calculate the highest common divisor of q and 4.
1
Let v be (-222)/4*(-4)/(-3). Let u = -52 - v. Calculate the highest common divisor of u and 110.
22
Let w = 2825 + 204. What is the greatest common factor of 13 and w?
13
Let m be -1*(2 + -1)*(0 - 11). Calculate the greatest common divisor of m and 99.
11
Let c be (-2)/(-7) - 552/(-28). Suppose -2260*a = -2257*a - 270. What is the greatest common factor of c and a?
10
Suppose -1267 + 1347 = 5*t. What is the greatest common divisor of t and 16?
16
Let v be 14/1*9/2. Let a(i) = i**2 - 16*i - 216. Let n be a(25). Calculate the greatest common divisor of v and n.
9
Let w(x) = 2*x**3 - x**2 + x + 2. Let a be w(-1). Let d = 6 + a. What is the greatest common factor of 4 and d?
4
Let h = -45 - -45. Let m(a) = -a**3 - a + 12. Let o be m(h). Calculate the highest common divisor of o and 48.
12
Suppose -10 = -k - 6. Suppose k*d = 12, -3*d + 0*d = -c + 2. What is the g